{"id":669,"date":"2026-02-28T05:29:22","date_gmt":"2026-02-28T05:29:22","guid":{"rendered":"https:\/\/stategroupintl.com\/?post_type=product&#038;p=669"},"modified":"2026-02-28T05:29:22","modified_gmt":"2026-02-28T05:29:22","slug":"bicycle-12-tn20a104","status":"publish","type":"product","link":"https:\/\/stategroupintl.com\/index.php\/product\/bicycle-12-tn20a104\/","title":{"rendered":"Bicycle 12\u2019\u2019 TN20A104"},"content":{"rendered":"<p><strong>Frame &amp; Stem:<\/strong><br \/>\nFrame Steel, 12\u2033, front TIG welding, rear CO2 welding<br \/>\nStem Barbore 22.2, safety line 65mm<br \/>\nFront fork Steel<\/p>\n<p><strong>Brake System:<\/strong><br \/>\nBrake lever \u03a622.2mm, 3 fingers, with adjust screw<br \/>\nFront brake Steel<br \/>\nRear brake Steel, \u03a670 band brake<\/p>\n<p><strong>Drive System:<\/strong><br \/>\nBB set Steel 5pcs, BC: 1.37-24T<br \/>\nBB Steel<br \/>\nFlywheel 1\/2\u2033 \u00d7 1\/8\u2033 \u00d7 16T, one speed, full ball<br \/>\nPedal 9\/16\u2033 without ball, reflector with Emark certificate<\/p>\n<p><strong>Wheels &amp; Tires:<\/strong><br \/>\nRim Steel, 12\u2033 \u00d7 1.75, 14G \u00d7 16H \u00d7 0.8T, A\/V<br \/>\nTire Rubber, compass brand, P1197(A) 12 1\/2\u2033 \u00d7 2 1\/4\u2033<br \/>\nInner tube W\/O<br \/>\nTraining wheel support Steel, 3.0mm<br \/>\nTraining wheel Size: 110 \u00d7 26<\/p>\n","protected":false},"excerpt":{"rendered":"<p>Frame &amp; Stem: Frame Steel, 12\u2033, front TIG welding, rear CO2 welding Stem Barbore 22.2, safety line 65mm Front fork Steel Brake System: Brake lever \u03a622.2mm, 3 fingers, with adjust screw Front brake Steel Rear brake Steel, \u03a670 band brake Drive System: BB set Steel 5pcs, BC: 1.37-24T BB Steel Flywheel 1\/2\u2033 \u00d7 1\/8\u2033 \u00d7 [&hellip;]<\/p>\n","protected":false},"featured_media":670,"template":"","meta":[],"product_brand":[],"product_cat":[70],"product_tag":[71],"class_list":{"0":"post-669","1":"product","2":"type-product","3":"status-publish","4":"has-post-thumbnail","6":"product_cat-bicycle","7":"product_tag-bicycle","9":"first","10":"instock","11":"shipping-taxable","12":"product-type-simple"},"jetpack_sharing_enabled":true,"_links":{"self":[{"href":"https:\/\/stategroupintl.com\/index.php\/wp-json\/wp\/v2\/product\/669","targetHints":{"allow":["GET"]}}],"collection":[{"href":"https:\/\/stategroupintl.com\/index.php\/wp-json\/wp\/v2\/product"}],"about":[{"href":"https:\/\/stategroupintl.com\/index.php\/wp-json\/wp\/v2\/types\/product"}],"version-history":[{"count":1,"href":"https:\/\/stategroupintl.com\/index.php\/wp-json\/wp\/v2\/product\/669\/revisions"}],"predecessor-version":[{"id":671,"href":"https:\/\/stategroupintl.com\/index.php\/wp-json\/wp\/v2\/product\/669\/revisions\/671"}],"wp:featuredmedia":[{"embeddable":true,"href":"https:\/\/stategroupintl.com\/index.php\/wp-json\/wp\/v2\/media\/670"}],"wp:attachment":[{"href":"https:\/\/stategroupintl.com\/index.php\/wp-json\/wp\/v2\/media?parent=669"}],"wp:term":[{"taxonomy":"product_brand","embeddable":true,"href":"https:\/\/stategroupintl.com\/index.php\/wp-json\/wp\/v2\/product_brand?post=669"},{"taxonomy":"product_cat","embeddable":true,"href":"https:\/\/stategroupintl.com\/index.php\/wp-json\/wp\/v2\/product_cat?post=669"},{"taxonomy":"product_tag","embeddable":true,"href":"https:\/\/stategroupintl.com\/index.php\/wp-json\/wp\/v2\/product_tag?post=669"}],"curies":[{"name":"wp","href":"https:\/\/api.w.org\/{rel}","templated":true}]}}